base 16) to base 3
-2112001
a7 (base 13) to base 5
1022
What is 7306 (base 9) in base 6?
40440
616 (base 15) to base 14
6dd
Convert -1101001111 (base 2) to base 5.
-11342
-954 (base 12) to base 9
-1771
What is a86 (base 16) in base 13?
12c3
Convert -163e (base 16) to base 7.
-22413
What is 1312 (base 5) in base 13?
12c
-24306 (base 7) to base 14
-243d
789 (base 14) to base 7
4232
11551 (base 7) to base 6
22001
What is 100100010000 (base 2) in base 5?
33240
What is 64443 (base 7) in base 3?
210221210
Convert 125776 (base 8) to base 13.
1706c
Convert 278 (base 14) to base 16.
1f2
22111 (base 4) to base 10
661
What is 225102 (base 6) in base 14?
703c
What is 21202321 (base 4) in base 5?
2222342
Convert 122200 (base 4) to base 10.
1696
What is -245 (base 14) in base 3?
-121210
Convert 1101 (base 2) to base 12.
11
Convert 423 (base 13) to base 15.
320
1e0 (base 15) to base 2
110110011
Convert -30403 (base 7) to base 13.
-34a5
-24a (base 13) to base 3
-112211
-253 (base 15) to base 6
-2240
2112020022 (base 3) to base 6
1022142
What is 2201110011 (base 3) in base 16?
d129
Convert 30302 (base 4) to base 11.
684
What is 376 (base 11) in base 14?
23c
624 (base 15) to base 4
111220
Convert -797 (base 10) to base 14.
-40d
-45600 (base 11) to base 13
-24029
-3336 (base 16) to base 12
-7706
What is 72b (base 16) in base 3?
2111222
-332 (base 9) to base 3
-101002
18b9 (base 14) to base 4
1011323
-732 (base 8) to base 6
-2110
What is -21277 (base 11) in base 10?
-30939
-330330 (base 5) to base 8
-26114
133221 (base 4) to base 2
11111101001
What is 110122 (base 5) in base 3?
12012021
What is -2740 (base 11) in base 14?
-141b
-2a55 (base 14) to base 9
-11278
Convert 31b (base 15) to base 7.
2021
Convert -2394 (base 13) to base 16.
-139e
906 (base 11) to base 9
1446
What is -213424 (base 6) in base 14?
-6612
What is -43107 (base 8) in base 7?
-103311
What is 2ab7 (base 12) in base 2?
1001110101011
Convert 2044340 (base 5) to base 13.
1282c
What is -11211 (base 5) in base 16?
-326
Convert 2276 (base 9) to base 14.
889
Convert 1660 (base 8) to base 11.
789
What is -101020 (base 3) in base 12?
-1b0
Convert -7d63 (base 14) to base 4.
-11111103
Convert 34412 (base 7) to base 11.
6662
What is -2175 (base 11) in base 8?
-5461
7943 (base 11) to base 9
15304
563 (base 9) to base 12
326
Convert -1430244 (base 5) to base 7.
-153452
-138 (base 11) to base 13
-c6
What is 3b04 (base 12) in base 14?
267a
Convert 1001 (base 9) to base 15.
33a
Convert -100100011100 (base 2) to base 12.
-1424
What is -31111 (base 5) in base 14?
-a51
What is 211200 (base 3) in base 13?
381
What is -300333 (base 4) in base 14?
-11dd
What is -a50a (base 12) in base 9?
-26631
Convert -34 (base 6) to base 7.
-31
10331 (base 4) to base 6
1245
What is 10631 (base 11) in base 6?
155145
Convert -1021220 (base 3) to base 13.
-576
Convert -183b (base 16) to base 6.
-44415
Convert 47 (base 13) to base 10.
59
10211202 (base 3) to base 6
20545
Convert 1a9 (base 14) to base 10.
345
What is 11513 (base 9) in base 13?
367b
What is -5808 (base 9) in base 12?
-25a5
-9a4 (base 11) to base 2
-10010110011
What is -3cf (base 16) in base 3?
-1100010
18c (base 15) to base 7
1020
Convert 68c (base 14) to base 2.
10100010100
-11310 (base 5) to base 16
-33e
Convert -672 (base 8) to base 3.
-121101
What is -655 (base 11) in base 5?
-11121
-36a2 (base 12) to base 14
-236a
-26657 (base 11) to base 16
-94a8
What is 1330 (base 8) in base 16?
2d8
What is 1201002 (base 3) in base 7?
3425
3304 (base 5) to base 2
111000110
27663 (base 8) to base 3
121202021
What is 230334 (base 5) in base 16?
201b
10111011011100 (base 2) to base 12
6b38
53a (base 11) to base 12
460
6517 (base 10) to base 15
1de7
-562 (base 13) to base 14
-4a1
What is 31310 (base 4) in base 2?
1101110100
Convert -2a0 (base 12) to base 13.
-255
Convert 4329 (base 15) to base 5.
423324
What is -1442230 (base 5) in base 8?
-74334
Convert -202212 (base 4) to base 7.
-6312
Convert 18e (base 15) to base 6.
1355
What is 14dea (base 15) in base 3?
10102021111
-103444 (base 5) to base 3
-11222020
What is -191a (base 12) in base 2?
-101111100110
Convert -11421 (base 7) to base 10.
-2955
Convert -13345 (base 6) to base 8.
-4041
What is -4864 (base 13) in base 6?
-115154
What is -3df (base 16) in base 2?
-1111011111
Convert -1658 (base 9) to base 5.
-20033
What is -42871 (base 9) in base 15?
-8644
221002121 (base 3) to base 13
8434
What is -3417 (base 10) in base 6?
-23453
-9a32 (base 12) to base 2
-100001010000110
What is 2590 (base 11) in base 3?
11121200
What is 309 (base 11) in base 6?
1420
What is -5164 (base 7) in base 3?
-2111001
-97 (base 16) to base 5
-1101
10010023 (base 4) to base 8
40413
What is 1899 (base 11) in base 9?
3264
-1505 (base 12) to base 3
-10100212
34646 (base 12) to base 9
116060
Convert -11413 (base 7) to base 5.
-43300
-947 (base 12) to base 10
-1351
What is -8443 (base 12) in base 13?
-6768
What is 112231 (base 7) in base 14?
7418
Convert 66541 (base 7) to base 3.
211221221
Convert 43150 (base 6) to base 5.
142043
What is -471 (base 9) in base 15?
-1ad
2030 (base 6) to base 3
121200
What is 46717 (base 10) in base 2?
1011011001111101
519d (base 14) to base 7
55656
What is 62ae (base 15) in base 5?
1131424
31010 (base 5) to base 11
1563
Convert -11a3 (base 16) to base 15.
-1510
3103 (base 6) to base 2
1010101111
33433 (base 6) to base 10
4701
-c08 (base 13) to base 12
-1218
101200 (base 4) to base 14
5a0
Convert -120 (base 11) to base 15.
-98
4dc (base 16) to base 9
1632
What is 135 (base 8) in base 10?
93
2667 (base 11) to base 13
1763
-1110 (base 6) to base 2
-100000010
What is -5e9 (base 16) in base 4?
-113221
What is 2002113 (base 4) in base 9?
12400
-7547 (base 13) to base 14
-5d11
Convert -10000101100111 (base 2) to base 8.
-20547
What is -153202 (base 6) in base 9?
-22482
Convert -310233 (base 4) to base 11.
-2599
What is -1131023 (base 4) in base 7?
-23246
What is -26606 (base 10) in base 2?
-110011111101110
-c7 (base 14) to base 4
-2233
Convert -242010 (base 5) to base 7.
-35153
-1012100 (base 3) to base 5
-11443
Convert -3ac (base 16) to base 11.
-785
Convert 7a (base 12) to base 2.
1011110
What is -15470 (base 8) in base 7?
-26213
What is -10 (base 4) in base 15?
-4
Convert -1252 (base 8) to base 10.
-682
What is -23b9 (base 14) in base 15?
-1cae
Convert 45833 (base 9) to base 14.
b1d5
What is -1981 (base 15) in base 4?
-1112101
What is -5d0 (base 14) in base 3?
-1121001
Convert 1100131 (base 4) to base 11.
3961
What is -21c (base 13) in base 2?
-101101011
34220 (base 8) to base 5
430410
What is 1101110011101 (base 2) in base 11?
5347
Convert -3 (base 11) to base 14.
-3
Convert -2011010020 (base 3) to base 11.
-29918
Convert 2212212 (base 3) to base 7.
6062
What is 2011221 (base 3) in base 4?
120313
What is -11030 (base 5) in base 4?
-23331
5646 (base 16) to base 6
250130
What is -cd2a (base 14) in base 11?
-24756
What is -558 (base 15) in base 9?
-1582
-22 (base 14) to base 11
-28
What is -21 (base 13) in base 15?
-1c
Convert -4442344 (base 5) to base 6.
-1400225
Convert -8c (base 16) to base 4.
-2030
What is 1800 (base 9) in base 5?
21002
-7620 (base 8) to base 3
-12110120
What is 1523 (base 7) in base 2?
1001011101
Convert 1000000111 (base 2) to base 6.
2223
-8220 (base 12) to base 9
-21346
What is 194d (base 14) in base 12?
2795
What is 6395 (base 13) in base 12?
7bab
Convert -3241 (base 10) to base 8.
-6251
-1011010 (base 2) to base 14
-66
What is -5387 (base 14) in base 4?
-3201123
What is -557 (base 14) in base 8?
-2041
What is 1110110 (base 3) in base 11?
889
Convert 102054 (base 6) to base 13.
39a0
-50411 (base 9) to base 15
-9c44
-8a69 (base 16) to base 14
-ccad
What is 536 (base 13) in base 8?
1572
What is 4560 (base 7) in base 13?
9a8
Convert 5706 (base 12) to base 8.
22666
What is 101310122 (base 4) in base 12?
362a2
What is -243 (base 15) in base 2?
-1000000001
What is 2555 (base 12) in base 16?
1091
Convert -20411 (base 7) to base 14.
-1b78
10220 (base 4) to base 13
19a
What is -2500 (base 7) in base 5?
-12211
2423 (base 5) to base 10
363
What is 102 (base 9) in base 13?
65
What is 3a3 (base 15) in base 6?
3500
Convert -10021200 (base 3) to base 8.
-4532
Convert 40443 (base 5) to base 3.
10121011
-aa7 (base 15) to base 1